4521 and 113?
113
Calculate the highest common factor of 63 and 747.
9
What is the greatest common factor of 22 and 1408?
22
What is the highest common factor of 10 and 14580?
10
What is the highest common factor of 16 and 4904?
8
Calculate the highest common factor of 120 and 75.
15
Calculate the greatest common divisor of 28 and 70.
14
What is the greatest common divisor of 76 and 95?
19
Calculate the greatest common factor of 125 and 175.
25
Calculate the greatest common factor of 242 and 66.
22
What is the greatest common factor of 80 and 6360?
40
Calculate the highest common factor of 30 and 7266.
6
Calculate the greatest common divisor of 7320 and 10.
10
What is the highest common divisor of 43 and 8772?
43
Calculate the greatest common divisor of 1664 and 4.
4
Calculate the greatest common divisor of 8 and 16448.
8
Calculate the highest common factor of 84 and 108.
12
What is the highest common divisor of 33 and 22?
11
What is the greatest common factor of 2 and 563?
1
Calculate the highest common factor of 7 and 34951.
7
Calculate the greatest common divisor of 161 and 69.
23
What is the highest common divisor of 340 and 80?
20
What is the highest common divisor of 7 and 4571?
7
Calculate the highest common divisor of 160 and 48.
16
What is the greatest common factor of 226 and 1017?
113
What is the greatest common divisor of 21 and 231?
21
Calculate the greatest common factor of 114 and 2622.
114
What is the highest common factor of 21 and 1239?
21
Calculate the highest common factor of 946 and 22.
22
Calculate the highest common divisor of 336 and 7602.
42
What is the greatest common factor of 22 and 147202?
22
What is the highest common divisor of 192 and 336?
48
Calculate the greatest common factor of 306 and 63.
9
What is the greatest common divisor of 80780 and 140?
140
What is the greatest common factor of 275 and 319?
11
Calculate the greatest common divisor of 77 and 451.
11
What is the highest common divisor of 19 and 63251?
19
What is the highest common divisor of 4 and 52?
4
What is the highest common factor of 2694 and 12?
6
Calculate the greatest common factor of 1963 and 39.
13
Calculate the highest common factor of 904 and 5876.
452
What is the highest common factor of 663 and 156?
39
What is the highest common factor of 97 and 19303?
97
Calculate the greatest common divisor of 459 and 102.
51
What is the highest common factor of 252 and 90?
18
What is the highest common factor of 3070 and 10?
10
Calculate the greatest common divisor of 11844 and 940.
188
Calculate the highest common factor of 273 and 9.
3
What is the highest common factor of 128 and 4768?
32
What is the greatest common divisor of 242 and 2?
2
Calculate the highest common divisor of 164 and 19598.
82
Calculate the highest common divisor of 7 and 119.
7
What is the highest common divisor of 14 and 4158?
14
Calculate the highest common divisor of 129 and 8.
1
What is the highest common divisor of 510 and 30?
30
What is the greatest common factor of 20 and 250?
10
What is the greatest common factor of 1111 and 1717?
101
Calculate the highest common divisor of 682 and 310.
62
Calculate the highest common divisor of 1196 and 48.
4
What is the greatest common factor of 9776 and 1316?
188
Calculate the highest common divisor of 8 and 960.
8
Calculate the highest common divisor of 32 and 1504.
32
Calculate the highest common factor of 206 and 1751.
103
Calculate the highest common divisor of 7 and 875.
7
What is the highest common factor of 290 and 45?
5
What is the greatest common factor of 988 and 38?
38
What is the highest common factor of 2008 and 16?
8
Calculate the greatest common divisor of 5400 and 16.
8
Calculate the greatest common factor of 34916 and 28.
28
What is the highest common factor of 56 and 700?
28
What is the greatest common divisor of 78 and 3666?
78
What is the highest common factor of 8767 and 11?
11
Calculate the highest common factor of 348 and 12.
12
Calculate the highest common factor of 150 and 7935.
15
Calculate the greatest common divisor of 24 and 1200.
24
What is the highest common factor of 4864 and 532?
76
Calculate the greatest common divisor of 13 and 325.
13
Calculate the highest common factor of 176 and 187.
11
What is the highest common factor of 5742 and 11?
11
What is the greatest common divisor of 4158 and 2016?
126
What is the greatest common factor of 18 and 4500?
18
What is the highest common factor of 41 and 779?
41
Calculate the greatest common factor of 9711 and 156.
39
What is the highest common factor of 15 and 1935?
15
Calculate the highest common factor of 4886 and 5933.
349
What is the highest common factor of 1037 and 221?
17
What is the highest common divisor of 20 and 5?
5
Calculate the highest common divisor of 2888 and 114.
38
Calculate the highest common factor of 40 and 1880.
40
What is the greatest common factor of 47 and 611?
47
What is the greatest common divisor of 27 and 189?
27
What is the highest common divisor of 16 and 10?
2
What is the highest common factor of 35470 and 10?
10
Calculate the highest common factor of 90 and 5010.
30
What is the highest common divisor of 1190 and 630?
70
What is the greatest common divisor of 1 and 449?
1
Calculate the greatest common divisor of 322 and 154.
14
What is the highest common factor of 13 and 117?
13
What is the highest common factor of 1302 and 147?
21
What is the highest common divisor of 942 and 24?
6
What is the highest common factor of 851 and 161?
23
What is the greatest common factor of 195 and 78?
39
What is the greatest common divisor of 12 and 51?
3
Calculate the greatest common divisor of 70 and 2478.
14
Calculate the highest common factor of 248 and 93.
31
Calculate the highest common divisor of 280 and 20.
20
What is the highest common divisor of 33 and 69?
3
Calculate the highest common divisor of 27 and 3.
3
Calculate the greatest common factor of 158 and 711.
79
Calculate the greatest common factor of 260 and 80.
20
Calculate the greatest common divisor of 1967 and 14.
7
Calculate the greatest common factor of 256 and 32.
32
Calculate the greatest common divisor of 182 and 78.
26
What is the highest common divisor of 459 and 135?
27
Calculate the greatest common divisor of 6 and 447.
3
What is the greatest common divisor of 627 and 3344?
209
Calculate the greatest common factor of 1977 and 3.
3
What is the highest common factor of 680 and 60?
20
Calculate the highest common divisor of 37 and 37.
37
Calculate the greatest common divisor of 1411 and 249.
83
Calculate the greatest common divisor of 6489 and 252.
63
What is the greatest common factor of 44660 and 40?
20
What is the greatest common factor of 104 and 39?
13
What is the highest common divisor of 20 and 410?
10
Calculate the greatest common divisor of 10167 and 6.
3
Calculate the greatest common divisor of 1 and 486.
1
Calculate the greatest common factor of 539 and 49.
49
What is the highest common divisor of 327 and 6?
3
Calculate the greatest common divisor of 108 and 5238.
54
What is the greatest common divisor of 135 and 960?
15
What is the highest common factor of 552 and 144?
24
What is the highest common factor of 25 and 225?
25
What is the greatest common factor of 29 and 1450?
29
What is the greatest common factor of 34 and 629?
17
What is the greatest common factor of 8 and 384?
8
What is the highest common factor of 749 and 7?
7
What is the greatest common factor of 220 and 66?
22
Calculate the highest common factor of 42 and 1946.
14
What is the greatest common factor of 200 and 225?
25
What is the highest common divisor of 6 and 50?
2
What is the highest common divisor of 83 and 1577?
83
What is the highest common factor of 280 and 1160?
40
Calculate the highest common factor of 129 and 9.
3
What is the greatest common factor of 27 and 450?
9
What is the highest common factor of 437 and 23?
23
What is the greatest common divisor of 1786 and 1410?
94
Calculate the highest common divisor of 120 and 11320.
40
Calculate the highest common factor of 31 and 62.
31
Calculate the highest common factor of 8 and 10.
2
Calculate the highest common factor of 87 and 399.
3
What is the greatest common divisor of 8417 and 19?
19
What is the greatest common factor of 51 